53241?
24
Calculate the remainder when 45467 is divided by 3113.
1885
What is the remainder when 6396787 is divided by 640?
627
What is the remainder when 77573 is divided by 2434?
2119
Calculate the remainder when 6697811 is divided by 88129.
7
Calculate the remainder when 3797650 is divided by 759525.
25
Calculate the remainder when 7583956 is divided by 631.
598
What is the remainder when 115669996 is divided by 82?
58
What is the remainder when 8246732 is divided by 7234?
7206
What is the remainder when 578930 is divided by 595?
590
What is the remainder when 4405390 is divided by 4199?
639
Calculate the remainder when 1717789 is divided by 10474.
53
Calculate the remainder when 6507024 is divided by 478.
10
What is the remainder when 12199071 is divided by 105?
66
What is the remainder when 1698624 is divided by 113234?
114
What is the remainder when 26178033 is divided by 1152?
1137
Calculate the remainder when 41707859 is divided by 1963.
1961
What is the remainder when 53708 is divided by 2983?
14
What is the remainder when 30776 is divided by 21004?
9772
What is the remainder when 511709 is divided by 102280?
309
What is the remainder when 14938631 is divided by 2890?
221
Calculate the remainder when 2233787 is divided by 1614.
11
What is the remainder when 1337201 is divided by 445700?
101
What is the remainder when 82334656 is divided by 7?
5
Calculate the remainder when 2470108 is divided by 224552.
36
Calculate the remainder when 349539 is divided by 1525.
314
Calculate the remainder when 22644493 is divided by 14.
11
Calculate the remainder when 28368719 is divided by 367.
353
Calculate the remainder when 1844759 is divided by 263537.
0
Calculate the remainder when 42816313 is divided by 159.
157
Calculate the remainder when 10255905 is divided by 5127951.
3
What is the remainder when 1163876 is divided by 16?
4
What is the remainder when 36286224 is divided by 1909801?
5
Calculate the remainder when 62736 is divided by 298.
156
What is the remainder when 2317959 is divided by 7223?
6599
Calculate the remainder when 213532489 is divided by 213532479.
10
Calculate the remainder when 436076 is divided by 728.
4
Calculate the remainder when 29160 is divided by 3638.
56
What is the remainder when 3359310 is divided by 38612?
66
Calculate the remainder when 1925628 is divided by 3047.
2971
Calculate the remainder when 489444 is divided by 3983.
3518
What is the remainder when 205774 is divided by 234?
88
What is the remainder when 378351 is divided by 6756?
15
What is the remainder when 215191 is divided by 23906?
37
What is the remainder when 987648 is divided by 128?
0
What is the remainder when 4788984 is divided by 559?
31
What is the remainder when 193832 is divided by 482?
68
What is the remainder when 626898 is divided by 83?
82
What is the remainder when 16519 is divided by 2442?
1867
Calculate the remainder when 64193 is divided by 21204.
581
Calculate the remainder when 3468991 is divided by 4613.
15
What is the remainder when 74078398 is divided by 44?
42
What is the remainder when 31672 is divided by 1558?
512
What is the remainder when 99551327 is divided by 112?
15
Calculate the remainder when 1117617 is divided by 67.
57
Calculate the remainder when 186088 is divided by 20660.
148
Calculate the remainder when 426483 is divided by 18542.
17
What is the remainder when 1843859 is divided by 2370?
2369
Calculate the remainder when 3254137 is divided by 813474.
241
Calculate the remainder when 146777 is divided by 145876.
901
What is the remainder when 1858226399 is divided by 450?
449
Calculate the remainder when 173210738 is divided by 17.
16
What is the remainder when 4539191 is divided by 3530?
3141
What is the remainder when 23294878 is divided by 1260?
1258
Calculate the remainder when 407776 is divided by 931.
929
Calculate the remainder when 3939903 is divided by 5495.
5483
What is the remainder when 4349338 is divided by 86?
60
Calculate the remainder when 763582 is divided by 99.
94
What is the remainder when 10249819 is divided by 484?
151
Calculate the remainder when 1643962 is divided by 4504.
2
What is the remainder when 194067 is divided by 63557?
3396
Calculate the remainder when 312838 is divided by 15.
13
Calculate the remainder when 585178 is divided by 146128.
666
What is the remainder when 546663 is divided by 2519?
40
What is the remainder when 6950088 is divided by 529?
86
What is the remainder when 231159455 is divided by 20?
15
Calculate the remainder when 10460 is divided by 228.
200
Calculate the remainder when 507053 is divided by 271.
12
Calculate the remainder when 5368566 is divided by 163.
161
What is the remainder when 15334809 is divided by 528785?
44
What is the remainder when 8618415 is divided by 4309202?
11
What is the remainder when 232499 is divided by 17880?
59
What is the remainder when 139178436 is divided by 34794608?
4
What is the remainder when 35870736 is divided by 902?
0
What is the remainder when 520690 is divided by 130055?
470
Calculate the remainder when 272392 is divided by 31936.
16904
Calculate the remainder when 134013965 is divided by 82.
53
Calculate the remainder when 1341838374 is divided by 69.
66
Calculate the remainder when 5176693 is divided by 5176688.
5
What is the remainder when 12028379 is divided by 2594?
1
What is the remainder when 6601688 is divided by 3009?
2951
What is the remainder when 30695355 is divided by 160?
155
Calculate the remainder when 23420226 is divided by 2342020.
26
Calculate the remainder when 423880 is divided by 7576.
7200
What is the remainder when 120558534 is divided by 297?
294
Calculate the remainder when 29833279 is divided by 64.
63
Calculate the remainder when 86916 is divided by 205.
201
Calculate the remainder when 1501362 is divided by 615.
147
Calculate the remainder when 10854349 is divided by 403.
350
What is the remainder when 31334021 is divided by 1119071?
33
What is the remainder when 1627375 is divided by 271173?
337
Calculate the remainder when 313532 is divided by 2.
0
What is the remainder when 1872839 is divided by 1149?
1118
What is the remainder when 471086 is divided by 218?
206
What is the remainder when 528153 is divided by 8002?
21
What is the remainder when 3532715 is divided by 1169?
1166
Calculate the remainder when 13305 is divided by 4420.
45
What is the remainder when 2177491 is divided by 2583?
22
What is the remainder when 3966577 is divided by 1405?
262
What is the remainder when 199949140 is divided by 19?
18
What is the remainder when 228362 is divided by 563?
347
Calculate the remainder when 1365355 is divided by 7933.
879
What is the remainder when 565440 is divided by 23523?
888
Calculate the remainder when 1802078 is divided by 1989.
44
Calculate the remainder when 1498580 is divided by 244.
176
What is the remainder when 3833637 is divided by 1359?
1257
Calculate the remainder when 35558096 is divided by 96.
80
What is the remainder when 70684 is divided by 70521?
163
Calculate the remainder when 59193111 is divided by 77.
54
What is the remainder when 3155312 is divided by 225379?
6
Calculate the remainder when 5240313 is divided by 88818.
51
Calculate the remainder when 2112609 is divided by 301800.
9
What is the remainder when 6624869 is divided by 736096?
5
Calculate the remainder when 15424438 is divided by 61208.
22
Calculate the remainder when 3241078 is divided by 648209.
33
Calculate the remainder when 6885222 is divided by 7833.
15
Calculate the remainder when 940832 is divided by 1657.
1313
Calculate the remainder when 1034169 is divided by 363.
345
Calculate the remainder when 2641674 is divided by 22194.
588
What is the remainder when 15883139 is divided by 865?
9
What is the remainder when 19446 is divided by 2222?
1670
What is the remainder when 129694 is divided by 571?
77
What is the remainder when 80715 is divided by 6074?
1753
What is the remainder when 27654 is divided by 2113?
185
Calculate the remainder when 4698059 is divided by 48937.
107
Calculate the remainder when 167759 is divided by 167729.
30
Calculate the remainder when 93421 is divided by 6749.
5684
What is the remainder when 53636 is divided by 5303?
606
Calculate the remainder when 4333460 is divided